 c**2 - 18*c - 5. Let f be q(8). Let m = 158 + f. Suppose -6 = -3*s + 3*a + 48, -5*a = -4*s + m. List the prime factors of s.
17
Let q be 40/(-3)*15/2. Let v = q + 196. Suppose 3*y - 306 + v = 0. What are the prime factors of y?
2, 5, 7
Let z be 13*(-13 + 14) - (-2 - 3 - -2). Let t(v) = 1 + 3*v**2 - 4*v**2 + 23*v - 4. List the prime factors of t(z).
109
Let w = -389 + 455. Suppose -71*l + 5140 = -w*l. List the prime factors of l.
2, 257
Suppose 4*t = 12, 5*p - t - 2 + 5 = 0. Suppose 4*b = -2*k + 3024, -3*k + 2*b + b + 4509 = p. List the prime factors of k.
2, 3, 251
Suppose 5*p - 3*c = 745, -4*p - 5*c + 722 = 163. Let m = -654 + 659. Suppose -m*s = -3*s - p. What are the prime factors of s?
73
Suppose -51*n - 197265 = -70*n + 51749. What are the prime factors of n?
2, 6553
Suppose -4*v - 5*t + 42 = -2*t, 37 = 3*v + 5*t. Suppose -v*x + 339 = -6*x. Let w = x + -67. What are the prime factors of w?
2, 23
Let q(k) = 71*k**3 + k**2 - 6*k + 57. What are the prime factors of q(4)?
3, 1531
Suppose -574012 + 170972 = 2*w - 22*w. List the prime factors of w.
2, 11, 229
Let f(y) = 9*y**2 + 15*y - 9. Let u be f(8). Let p = u + -296. What are the prime factors of p?
17, 23
Let z(t) be the second derivative of -t**5/20 + 4*t**4/3 - 17*t**3/6 + 26*t**2 - 8*t - 5. List the prime factors of z(15).
2, 11
Let t be (-1 - -2) + 8/1. Suppose 9*q = 78*q - 897. Suppose -3*z = -t, -3*h + 364 = 4*z + q. List the prime factors of h.
113
Let d = -3344 + 11353. What are the prime factors of d?
8009
Let a(m) = 6*m**2 - 38*m + 33. Let u(t) = 3*t**2 - 5*t + 7. Let c be u(3). Let d be a(c). Suppose 0 = 11*k - d + 179. What are the prime factors of k?
2, 59
Suppose -65*i - 11970 = 5*i. Let g = -141 - 146. Let b = i - g. What are the prime factors of b?
2, 29
Suppose 8 = 2*t + 8. Suppose t = -11*u + 58 - 3. Suppose l = -u*a + 359, 4*a + 4*l - 229 = a. What are the prime factors of a?
71
Suppose -4*n + 81 = s, -15 = -n - 0*s + 5*s. Let z be (n/(-6))/(14/1911). What are the prime factors of (-6)/(-36) + z/(-6)?
2, 19
Let q be (-2)/((-2)/9) + 17 + -16. Suppose 2*d + 3*g = 17, 2 + 3 = 5*d - 5*g. What are the prime factors of q/d*1010/25?
101
Let i(z) = -z**3 + 23*z**2 - 4*z + 11. Let y be i(8). Let p = y - -86. Suppose p = 5*l + 5*d, -8*d = -3*d + 10. What are the prime factors of l?
3, 23
Let o(s) = 4*s**2 - 57*s + 21740. List the prime factors of o(0).
2, 5, 1087
Suppose -6*i = 146*i + 128*i - 4922120. What are the prime factors of i?
17579
Suppose 223245 = -260*m + 265*m - 5*y, 5*y + 133931 = 3*m. What are the prime factors of m?
44657
Let x(p) = 431*p**2 + 506*p - 23. List the prime factors of x(-12).
97, 577
Let w(p) = 5 - 33 + p**2 - 3*p + p - 8*p. Let t be w(25). Suppose t = 3*k + 2*d, 5*k = -0*k - 5*d + 585. List the prime factors of k.
113
Suppose -l = -3*g + 242, -7*l + 3*l = g + 916. Suppose -3*z - 9 = 0, -3*y - 151 = 5*z + 239. Let n = y - l. What are the prime factors of n?
3, 5, 7
Let r = 1362 - -3937. What are the prime factors of r?
7, 757
Let y(x) = -151*x**3 + 152*x**3 + 17*x - 22 + 10 - 32 + 19*x**2. List the prime factors of y(-16).
2, 113
Let n = -4237 - -11919. What are the prime factors of n?
2, 23, 167
Let d be (-1 + -954)/(-5) + -3*1. Suppose 0 = t + r - d, 3*t - 4*r - 248 = 330. What are the prime factors of t?
2, 5, 19
Suppose 276*s = 282*s. Let h = -6 - -8. Suppose 3*q = 3*b - 378, 0 = -4*b + h*q - s*q + 504. What are the prime factors of b?
2, 3, 7
Suppose -175*r + 3*n = -178*r + 66429, 0 = -r - 3*n + 22151. List the prime factors of r.
13, 131
Let d(f) = 50*f + 732. What are the prime factors of d(-8)?
2, 83
Let d = 725 - 53. Suppose -3*p + d = 3*u + p, -u - p + 225 = 0. What are the prime factors of u?
2, 3, 19
Suppose 4*q + 6 = -3*j - 16, 3*j + 32 = q. What are the prime factors of -1 + j/(-8) - (-2494)/8?
2, 3, 13
Let b(x) = 7*x**2 + 6. Let v(f) = 7*f**2 + f + 5. Let u(c) = 7*b(c) - 6*v(c). Let p be u(3). Let d = p + -39. List the prime factors of d.
2, 3
Suppose -z + z = 5*z. Suppose z = 9*c - 0*c - 288. Let f = c - -20. List the prime factors of f.
2, 13
Let v(b) = b**2 + b + 1. Let j(c) = 16*c**2 + 10*c + 10. Let d(h) = j(h) - 5*v(h). Let k = -443 + 439. What are the prime factors of d(k)?
7, 23
Let u be (2 + 180/25)*-10. Let o be -4 + 1 + (u - -13). Let j = o + 116. What are the prime factors of j?
2, 17
Let y = -72 - -106. Suppose 5*l = 10*l + 140. Let p = l + y. List the prime factors of p.
2, 3
Suppose 2*i - 4*d - 2693 = 2007, 3*i = 4*d + 7040. What are the prime factors of i?
2, 3, 5, 13
Suppose -2*y + 125 = 5*l - 329, -3*l + 1154 = 5*y. Suppose 0 = -7*j + 706 + y. What are the prime factors of j?
2, 67
Let s(c) = 164*c**2 - 57*c - 50. List the prime factors of s(12).
2, 17, 673
Let u(i) = -326*i**3 + 12*i**2 + 41*i + 144. List the prime factors of u(-4).
2, 3, 1753
List the prime factors of -18 + 0 + 21359 + 172.
3, 71, 101
What are the prime factors of (-25 - -32) + -25 + 51860?
2, 7, 23
Let f be (-12)/(-9) + (-1)/3 - -498. Let v = -324 + f. Let p = 396 - v. List the prime factors of p.
13, 17
Suppose 1202 = s - 4*g, 2*s = -3*s - g + 5926. Let k = -794 + s. What are the prime factors of k?
2, 7
Let c = 3416 - 3138. What are the prime factors of c?
2, 139
Let o(k) = k**2 - 3*k - 5. Let l be o(5). Let j(z) = -z**2 - z + 2. Let g be j(0). Let c = l + g. List the prime factors of c.
7
Let t(r) = 2*r**2 + 31*r + 25. Let a be t(15). Let q = a + -287. List the prime factors of q.
653
Let m(w) be the second derivative of 3*w**5/10 - 7*w**4/12 + 5*w**3/6 + w**2 + 40*w. List the prime factors of m(5).
2, 7, 43
Let f = -40917 + 74392. What are the prime factors of f?
5, 13, 103
Suppose 5*c = 15, -3*c = -13*z + 11*z - 17. What are the prime factors of (1403 - -11)*1 - z/(-1)?
2, 3, 5, 47
Let d = -4550 - -6652. Let n = d - 1151. What are the prime factors of n?
3, 317
Suppose 0 = -19*a + 15*a + 28. List the prime factors of (588/a - (-2 - -1))*2.
2, 5, 17
Let u(q) = 4*q**2 - 2*q - 17. Let x be u(7). Suppose x = 3*r - 0*r. What are the prime factors of -9*r/(-15)*2?
2, 3, 11
What are the prime factors of (4 - 3) + (-279880)/35*56/(-16)?
13, 2153
List the prime factors of (-1 - 356/12)*3738/(-28).
2, 23, 89
Suppose 0 = -2*i + 2, -5*x - i + 1 = -0. Suppose x*c + 121 = g + 5*c, 3*g - 3*c = 345. Let m = 338 - g. List the prime factors of m.
2, 3, 37
List the prime factors of 30172 + (-99)/(-11) - (-5 - -5).
30181
Suppose 0 = -15*g + 17*g - 8. Suppose 3*r - 1051 = g*p, 2146 = 5*r + 5*p + 441. List the prime factors of r.
3, 5, 23
Suppose 0*l + 2 = -l, 4105 = -5*r + 5*l. Let k = r + 1273. List the prime factors of k.
2, 3, 5
Suppose 48*v + 96 = 40*v. Let t(n) = -n**3 - 12*n**2 - 7*n + 45. What are the prime factors of t(v)?
3, 43
Let l(t) = -t**3 + 9*t**2 + 12*t - 25. Suppose -2*b + 31 = -2*y + 7, -4*b = 4*y - 32. Let m be l(b). List the prime factors of -585*(m + (-115)/(-25)).
2, 3, 13
Let y(b) = -3*b**2 + 11*b - 15. Let r be 2/(-4)*3*(-16)/(-12). Let u(h) = h**2 - 5*h + 7. Let z(g) = r*y(g) - 5*u(g). What are the prime factors of z(3)?
13
Let l(q) = 305*q**2 + 37*q + 3. Let f(k) = 303*k**2 + 42*k + 3. Let v(c) = -5*f(c) + 6*l(c). List the prime factors of v(-2).
3, 7, 59
Suppose -26*i - 7*i + 297 = 0. Suppose -10518 = -i*k + 5295. What are the prime factors of k?
7, 251
Let m(r) = 3*r**2 - r. Let d(y) = -y**2 - 1. Let c(s) = 2*d(s) + m(s). Let a = -1155 + 1149. What are the prime factors of c(a)?
2, 5
Let n = 80841 + -13086. What are the prime factors of n?
3, 5, 4517
Let f = 298 - 238. Suppose -42*v = -f*v + 11736. List the prime factors of v.
2, 163
List the prime factors of 63/(-14) + 29970/4.
2, 3, 13
Let h = 422 + -231. Let m = h + -107. What are the prime factors of m?
2, 3, 7
Suppose 0 = -8*q + 32067 - 4299. List the prime factors of q.
3, 13, 89
Suppose -5*k + 922 = 3*y - 10*k, 3*k = 3*y - 930. Suppose y + 742 = 6*r. What are the prime factors of r?
2, 11
Let z(d) = -7*d - 76. Let g be z(-8). What are the prime factors of (g/60)/((-1)/1275)?
5, 17
Suppose h - 3*a = 1607, 4*h - 6*a = -a + 6442. Let k = h - 1111. List the prime factors of k.
2, 251
Suppose 4*m - 125 - 11 = 0. List the prime factors of (-85)/m*(-228)/1.
2, 3, 5, 19
Let a(d) = 11*d**2 + d - 1. Let n be a(1). Let m(g) = -24*g + 76. Let p(s) = -33*s + 114. Let i(k) = -10*m(k) + 7*p(